
True
Is 25105 composite?
True
Is 5469 composite?
True
Is 3761 composite?
False
Is 191099 a prime number?
True
Is 40387 composite?
False
Is 277513 composite?
False
Is 211917 prime?
False
Is 167557 a composite number?
True
Is 8333 prime?
False
Is 455591 composite?
True
Is 137771 a composite number?
False
Is 81093 a prime number?
False
Is 709337 composite?
False
Is 15427 composite?
False
Is 47413 prime?
False
Is 31601 prime?
True
Is 1189 composite?
True
Is 30983 a prime number?
True
Is 1275699 a composite number?
True
Is 3397 composite?
True
Is 1519483 composite?
True
Is 51257 a prime number?
True
Is 2149 a prime number?
False
Is 568099 a composite number?
True
Is 34351 a prime number?
True
Is 298813 a composite number?
True
Is 3491 a composite number?
False
Is 453527 a prime number?
True
Is 32367 prime?
False
Is 2925617 a composite number?
True
Is 473793 prime?
False
Is 55967 prime?
True
Is 696979 a composite number?
True
Is 198743 a prime number?
False
Is 41014 a prime number?
False
Is 56629 prime?
True
Is 2533 prime?
False
Is 5905 a composite number?
True
Is 1211303 prime?
True
Is 26671 prime?
False
Is 37651 composite?
True
Is 70769 composite?
False
Is 5519 composite?
False
Is 413167 prime?
True
Is 15986 a prime number?
False
Is 5218 a composite number?
True
Is 1128151 a prime number?
True
Is 101833 composite?
False
Is 1061771 a prime number?
True
Is 1543 composite?
False
Is 47413 composite?
True
Is 12323 a prime number?
True
Is 33379 a composite number?
True
Is 199591 prime?
False
Is 17521 composite?
True
Is 60037 composite?
False
Is 23259 a prime number?
False
Is 57497 composite?
True
Is 8353 prime?
True
Is 76217 a prime number?
False
Is 3343 a composite number?
False
Is 154543 a prime number?
True
Is 1171231 a composite number?
False
Is 177257 a composite number?
False
Is 211821 a prime number?
False
Is 333911 a prime number?
True
Is 4103 prime?
False
Is 467141 composite?
False
Is 158753 a prime number?
False
Is 25111 composite?
False
Is 21058 prime?
False
Is 229897 composite?
False
Is 87146 a prime number?
False
Is 2921 a composite number?
True
Is 271 composite?
False
Is 82217 prime?
True
Is 389 a prime number?
True
Is 21341 a composite number?
False
Is 416747 a prime number?
False
Is 4769 prime?
False
Is 818749 prime?
False
Is 535571 prime?
True
Is 7829 a composite number?
False
Is 41371 a composite number?
True
Is 33013 a prime number?
True
Is 248657 prime?
True
Is 263129 a composite number?
False
Is 263261 prime?
False
Is 493517 a prime number?
False
Is 89173 prime?
False
Is 453211 composite?
True
Is 176683 prime?
False
Is 2949189 prime?
False
Is 28643 a prime number?
True
Is 10315 a composite number?
True
Is 2281 a composite number?
False
Is 292291 prime?
False
Is 19339 prime?
False
Is 53693 prime?
True
Is 364567 a composite number?
True
Is 126199 composite?
False
Is 17167 a composite number?
False
Is 13271 a prime number?
False
Is 35671 composite?
False
Is 197279 composite?
False
Is 179 prime?
True
Is 425591 a prime number?
True
Is 36197 a composite number?
True
Is 513209 a composite number?
True
Is 178681 composite?
False
Is 2094611 prime?
False
Is 49947 composite?
True
Is 52651 composite?
True
Is 98899 a prime number?
True
Is 98611 a prime number?
False
Is 151309 composite?
True
Is 68863 a composite number?
False
Is 22597 a composite number?
True
Is 499957 composite?
False
Is 53771 a composite number?
True
Is 322271 prime?
True
Is 80293 a prime number?
False
Is 120599 a composite number?
True
Is 15845 composite?
True
Is 458441 a prime number?
False
Is 52645 composite?
True
Is 4417 composite?
True
Is 16127 a composite number?
False
Is 31651 a composite number?
True
Is 58447 composite?
True
Is 285377 a composite number?
False
Is 242971 a prime number?
True
Is 704713 a prime number?
True
Is 122993 a prime number?
False
Is 154943 composite?
False
Is 12127 prime?
False
Is 28927 a prime number?
True
Is 74213 composite?
True
Is 236699 a prime number?
True
Is 174121 a prime number?
True
Is 108831 prime?
False
Is 663857 prime?
True
Is 64882 composite?
True
Is 256201 composite?
True
Is 29717 a composite number?
False
Is 129011 a composite number?
False
Is 2282963 a composite number?
False
Is 484103 composite?
True
Is 10099 composite?
False
Is 541 a composite number?
False
Is 8641 composite?
False
Is 62147 composite?
True
Is 89753 prime?
True
Is 63029 a prime number?
True
Is 16217 a prime number?
True
Is 20627 prime?
True
Is 16609 a prime number?
False
Is 1301921 a prime number?
True
Is 1543327 composite?
True
Is 3661 a composite number?
True
Is 22739 composite?
False
Is 716761 a composite number?
True
Is 5347 composite?
False
Is 330949 a composite number?
True
Is 123757 composite?
False
Is 27769 prime?
False
Is 3130979 prime?
True
Is 28693 a prime number?
False
Is 43607 a prime number?
True
Is 877 a composite number?
False
Is 22013 a prime number?
True
Is 164129 a prime number?
False
Is 26489 a composite number?
False
Is 68141 a composite number?
False
Is 2625761 composite?
False
Is 15503 a composite number?
True
Is 33249 composite?
True
Is 11579 a prime number?
True
Is 3709 a composite number?
False
Is 1673 a prime number?
False
Is 56467 prime?
True
Is 701951 a prime number?
True
Is 87553 composite?
False
Is 127481 a composite number?
False
Is 131158 a prime number?
False
Is 720829 a prime number?
True
Is 2077 a composite number?
True
Is 5131 a composite number?
True
Is 34783 a prime number?
False
Is 74483 a prime number?
False
Is 150959 a composite number?
False
Is 6487 prime?
False
Is 315581 composite?
True
Is 16183 prime?
True
Is 1501 composite?
True
Is 1079 a composite number?
True
Is 15427 prime?
True
Is 36647 composite?
True
Is 12767 composite?
True
Is 184441 prime?
True
Is 38113 a prime number?
True
Is 1704229 a prime number?
True
Is 660833 a composite number?
False
Is 706597 prime?
True
Is 175187 composite?
True
Is 82963 a prime number?
True
Is 68339 a composite number?
True
Is 125651 prime?
True
Is 134099 a prime number?
False
Is 9897 a prime number?
False
Is 50449 prime?
False
Is 3223 a prime number?
False
Is 88333 composite?
True
Is 340547 a composite number?
True
Is 90949 prime?
False
Is 163283 composite?
True
Is 54919 a prime number?
True
Is 419197 a prime number?
False
Is 61195 composite?
True
Is 11485 a composite number?
True
Is 385249 prime?
True
Is 88769 a prime number?
False
Is 761 a composite number?
False
Is 216103 a composite number?
False
Is 16953 a prime number?
False
Is 104689 a composite number?
True
Is 38501 composite?
False
Is 131171 composite?
False
Is 298283 a composite number?
False
Is 53854 a composite number?
True
Is 58673 a prime number?
False
Is 127097 prime?
False
Is 522663 a composite number?
True
Is 7123 a prime number?
False
Is 66217 composite?
True
Is 18201 composite?
True
Is 950611 composite?
False
Is 100649 a composite number?
False
Is 23321 a prime number?
True
Is 40553 a prime number?
False
Is 17467 a prime number?
True
Is 304427 composite?
True
Is 12335 prime?
False
Is 787 composite?
False
Is 13703 a prime number?
False
Is 8737 composite?
False
Is 1499 a prime number?
True
Is 555343 a prime number?
False
Is 130993 a composite number?
True
Is 9793 prime?
False
Is 887873 composite?
True
Is 2459 a prime number?
True
Is 1757363 a prime number?
True
Is 300353 a prime number?
False
Is 322583 composite?
False
Is 185883 a composite number?
True
Is 1843 prime?
False
Is 143711 a composite number?
False
Is 15559 composite?
False
Is 38149 prime?
True
Is 35333 composite?
True
Is 280271 a composite number?
True
Is 2595893 prime?
True
Is 12469 composite?
True
Is 3142949 composite?
False
Is 6761 prime?
True
Is 43711 prime?
True
Is 580291 composite?
False
Is 74257 a prime number?
True
Is 3259 prime?
True
Is 20593 a prime number?
True
Is 146843 prime?
True
Is 1760113 a composite number?
False
Is 707241 prime?
False
Is 122081 composite?
False
Is 7917235 prime?
False
Is 38879 prime?
False
Is 106 a composite number?
True
Is 139967 a composite number?
False
Is 138739 a composite number?
False
Is 31281 a prime number?
False
Is 1966 composite?
True
Is 130706 a prime number?
False
Is 1721 a composite number?
False
Is 101431 prime?
False
Is 41843 prime?
True
Is 9953 composite?
True
Is 691 prime?
True
Is 90371 composit